{"id":9,"date":"2022-06-13T22:53:26","date_gmt":"2022-06-14T03:53:26","guid":{"rendered":"http:\/\/marthaelenahoyos.com\/?page_id=9"},"modified":"2026-01-26T16:59:12","modified_gmt":"2026-01-26T21:59:12","slug":"9-2","status":"publish","type":"page","link":"https:\/\/marthaelenahoyos.com\/","title":{"rendered":"Inicio"},"content":{"rendered":"<h1 style=\"text-align: center;\">HONRANDO SURCOS<\/h1>\n<h2 style=\"text-align: center;\">Una gira para cantar y ofrendar territorios.<br \/>\nUna ruta de retornos y nuevas siembras culturales:<\/h2>\n<p><img loading=\"lazy\" decoding=\"async\" class=\"size-medium wp-image-230006 alignleft\" src=\"https:\/\/i0.wp.com\/marthaelenahoyos.com\/wp-content\/uploads\/2026\/01\/Gira-Verano-2026-1.jpeg?resize=218%2C300&#038;ssl=1\" alt=\"\" width=\"218\" height=\"300\" data-recalc-dims=\"1\" \/><\/p>\n<p>Luego de vivir la intensa experiencia de la FIESTA NACIONAL DEL CHAMAM\u00c9 en Corrientes, y de presentar all\u00ed la Conferencia &#8220;Entre el pasillo y el chamam\u00e9&#8221;, as\u00ed continuar\u00e1n las rutas de este recorrido:<\/p>\n<p><em><strong>Enero 28 &#8211; Festival Cosqu\u00edn<\/strong><\/em> <strong>ENCUENTRO DE POETAS CON LA GENTE.<br \/>\n<\/strong> Con el acompa\u00f1amiento musical de Carlos Esteban Garc\u00eda y Adriana Celiz.<br \/>\nTeatro El alma encantada. 21 hs<\/p>\n<p><em><strong>Enero 29 &#8211; Cosqu\u00edn<\/strong><\/em> <strong>Taller &#8220;Cantar el territorio&#8221; con Martha Elena Hoyos<\/strong>,<br \/>\ndirigido cantoras del proyecto &#8220;Rosa de los Vientos&#8221;. Patio de la Piry *18 hs<\/p>\n<p><em><strong>Enero 31 &#8211; Cerro Colorado<\/strong><\/em> <strong>Fiestas Yupanquianas<\/strong> <em><strong>Febrero 5 &#8211; Santa Fe <\/strong><\/em><strong>Taller CANTAR EL TERRITORIO.<br \/>\n<\/strong>Local CTA, San Luis 3000<\/p>\n<p><em><strong>Febrero 6 &#8211; Invitada por CTA en concierto grupo Rinc\u00f3n Macondo.<\/strong><\/em><\/p>\n<p><em><strong>Febrero 7 &#8211; San Carlos, Santa Fe<br \/>\n<\/strong><\/em><strong>Invitada con Grupo Ana Su\u00f1\u00e9 en presentaci\u00f3n de su \u00e1lbum <em>&#8220;Para sanar&#8221;<\/em>.<br \/>\n<\/strong> Pe\u00f1a Tacur\u00fa, San Carlos, Santa Fe.<\/p>\n<p><em><strong>Febrero 14 &#8211; CHAYA DE PANCHO CABRAL, La Rioja.<br \/>\n<\/strong><\/em>Seguido recorrido musical en la ruta <strong><em>Tras la Sierra C\u00f3rdoba-San Luis<\/em><\/strong>, con el acompa\u00f1amiento de <em><strong>Carlos Esteban Garc\u00eda<\/strong><\/em> e <strong><em>Iv\u00e1n Robledo<\/em><\/strong><\/p>\n<p><em><strong>Feb 16 &#8211; San Javier, Librer\u00eda los Preferidos<img loading=\"lazy\" decoding=\"async\" class=\"size-medium wp-image-230007 alignright\" src=\"https:\/\/i0.wp.com\/marthaelenahoyos.com\/wp-content\/uploads\/2026\/01\/Gira-Verano-2026-2.jpeg?resize=300%2C289&#038;ssl=1\" alt=\"\" width=\"300\" height=\"289\" data-recalc-dims=\"1\" \/><\/strong><\/em><\/p>\n<p><em><strong>Feb 20 &#8211; Villa Mercedes, Boliche Calle Angosta<\/strong><\/em><\/p>\n<p><em><strong>Feb 21 &#8211; Justo Daract, Inauguraci\u00f3n Centro Cultural de la Municipalidad.<\/strong><\/em><\/p>\n<p>Van en mi alforja muchas canciones de estreno, la Agenda Mujer 2026 con su propuesta &#8220;La Esperanza es ahora&#8221;; el libro &#8220;Conversando con Mayra&#8221; y mi nuevo libro &#8220;Caminos de la Copla en Am\u00e9rica&#8221;. Agradecida de compartir con tan diversos p\u00fablicos y abrazar a tantos amigos de la vida.<\/p>\n<p>&nbsp;<\/p>\n<p>Agradecimientos: Andrea Leguizam\u00f3n, Marta Vidoni, Cultura Corrientes, Claudia Cerruti, Hugo Rivella, Casiana Torres, Gabriela Luj\u00e1n, Pancho Cabral, Alberto Mariani, Carlos Esteban Garc\u00eda, Adriana Celiz, Iv\u00e1n Robledo, Ana Su\u00f1\u00e9, Mario Sosa.<\/p>\n","protected":false},"excerpt":{"rendered":"<p>HONRANDO SURCOS &#8211; Gira Cultural Argentina &#8211; Verano 2026<\/p>\n","protected":false},"author":1,"featured_media":230006,"parent":0,"menu_order":0,"comment_status":"closed","ping_status":"closed","template":"","meta":{"_et_pb_use_builder":"off","_et_pb_old_content":"","_et_gb_content_width":"","footnotes":""},"class_list":["post-9","page","type-page","status-publish","has-post-thumbnail","hentry"],"jetpack_sharing_enabled":true,"_links":{"self":[{"href":"https:\/\/marthaelenahoyos.com\/index.php\/wp-json\/wp\/v2\/pages\/9","targetHints":{"allow":["GET"]}}],"collection":[{"href":"https:\/\/marthaelenahoyos.com\/index.php\/wp-json\/wp\/v2\/pages"}],"about":[{"href":"https:\/\/marthaelenahoyos.com\/index.php\/wp-json\/wp\/v2\/types\/page"}],"author":[{"embeddable":true,"href":"https:\/\/marthaelenahoyos.com\/index.php\/wp-json\/wp\/v2\/users\/1"}],"replies":[{"embeddable":true,"href":"https:\/\/marthaelenahoyos.com\/index.php\/wp-json\/wp\/v2\/comments?post=9"}],"version-history":[{"count":137,"href":"https:\/\/marthaelenahoyos.com\/index.php\/wp-json\/wp\/v2\/pages\/9\/revisions"}],"predecessor-version":[{"id":230018,"href":"https:\/\/marthaelenahoyos.com\/index.php\/wp-json\/wp\/v2\/pages\/9\/revisions\/230018"}],"wp:featuredmedia":[{"embeddable":true,"href":"https:\/\/marthaelenahoyos.com\/index.php\/wp-json\/wp\/v2\/media\/230006"}],"wp:attachment":[{"href":"https:\/\/marthaelenahoyos.com\/index.php\/wp-json\/wp\/v2\/media?parent=9"}],"curies":[{"name":"wp","href":"https:\/\/api.w.org\/{rel}","templated":true}]}}